1101000 (base 2) to base 5
2420
What is 121753 (base 8) in base 10?
41963
-5025 (base 11) to base 7
-25324
Convert -41b3 (base 12) to base 11.
-5448
Convert 4d7 (base 15) to base 10.
1102
133142 (base 5) to base 13
2611
Convert 34351 (base 6) to base 4.
1030123
31202 (base 4) to base 9
1162
Convert 12b8 (base 14) to base 10.
3298
2b5 (base 16) to base 11
580
-4652 (base 7) to base 4
-122213
5012 (base 11) to base 5
203133
What is 140120 (base 5) in base 3?
21202122
What is -1011101111111111 (base 2) in base 7?
-260212
What is -1030 (base 13) in base 8?
-4274
Convert -6046 (base 8) to base 12.
-1972
What is 6846 (base 9) in base 2?
1001111001000
Convert 238 (base 14) to base 11.
372
Convert -12501 (base 6) to base 8.
-3565
-15d4 (base 14) to base 10
-3910
Convert 8254 (base 9) to base 5.
143133
-4a4 (base 13) to base 5
-11220
What is 54c (base 16) in base 10?
1356
-20400 (base 5) to base 2
-10101000110
What is -2020000 (base 3) in base 5?
-22440
What is 3b3 (base 16) in base 3?
1022002
Convert 35114 (base 8) to base 12.
8778
445f (base 16) to base 13
7c75
Convert -13102210 (base 4) to base 2.
-111010010100100
What is 4c4a (base 15) in base 14?
5d02
What is 5a1 (base 11) in base 13?
431
What is 1507 (base 10) in base 3?
2001211
14bb (base 16) to base 2
1010010111011
What is -1152233 (base 6) in base 14?
-18565
Convert -15685 (base 15) to base 13.
-2551a
786 (base 11) to base 4
32231
What is -11012222 (base 3) in base 4?
-300011
What is 21423 (base 6) in base 14?
111d
-20033 (base 5) to base 8
-2364
42015 (base 7) to base 4
2200332
Convert -556 (base 13) to base 2.
-1110010100
-12420 (base 5) to base 4
-33121
Convert 10110111001011 (base 2) to base 3.
121002012
What is -13942 (base 11) in base 13?
-8cc9
Convert 771 (base 11) to base 14.
4a1
Convert 1014 (base 5) to base 6.
342
Convert 110000111 (base 2) to base 5.
3031
-533 (base 10) to base 16
-215
Convert 1652 (base 12) to base 15.
bbe
What is 3b1 (base 13) in base 10?
651
71113 (base 8) to base 7
151206
1110101110 (base 2) to base 16
3ae
Convert 2435 (base 7) to base 5.
12113
Convert 81 (base 11) to base 14.
65
Convert 107b (base 14) to base 3.
10220200
What is -172 (base 14) in base 13?
-19a
Convert -192a (base 11) to base 16.
-994
Convert -2797 (base 10) to base 6.
-20541
Convert 6 (base 14) to base 12.
6
Convert 314 (base 7) to base 6.
422
What is 40861 (base 9) in base 3?
1100222001
Convert 133402 (base 5) to base 3.
21111212
-12321 (base 4) to base 11
-371
What is -5981 (base 11) in base 2?
-1111010011001
What is 392 (base 13) in base 4?
21302
Convert 78 (base 14) to base 7.
211
-e32d (base 16) to base 11
-3a770
What is 770 (base 8) in base 2?
111111000
-37a (base 14) to base 4
-22320
What is 8453 (base 11) in base 14?
4114
Convert -6405 (base 12) to base 16.
-2ac5
What is 35611 (base 7) in base 10?
9220
Convert 308a (base 14) to base 9.
12412
What is 111010000 (base 2) in base 10?
464
824 (base 9) to base 15
2ea
What is 412331 (base 6) in base 7?
165043
19d (base 14) to base 5
2320
-88d4 (base 15) to base 10
-28999
What is 20303 (base 4) in base 8?
1063
Convert 33 (base 12) to base 16.
27
What is 5450 (base 6) in base 14?
658
-2015 (base 6) to base 3
-121102
Convert 468 (base 16) to base 2.
10001101000
What is 122200 (base 3) in base 2?
111011101
Convert -1285 (base 11) to base 5.
-23131
6d6c (base 15) to base 11
16541
424041 (base 5) to base 16
37bf
-4303 (base 5) to base 11
-486
134344 (base 5) to base 3
21200101
What is 2022132 (base 4) in base 10?
8862
111011101 (base 2) to base 6
2113
-13440 (base 8) to base 16
-1720
Convert ad (base 16) to base 8.
255
What is 1043140 (base 5) in base 13?
8597
Convert 8018 (base 16) to base 5.
2022132
What is 1011222 (base 3) in base 7?
2342
50 (base 15) to base 6
203
Convert -3675 (base 15) to base 8.
-26501
-201152 (base 6) to base 14
-5ab2
What is 37b (base 16) in base 10?
891
What is 8b76 (base 15) in base 7?
152154
-122022 (base 4) to base 12
-b76
227 (base 14) to base 13
26b
What is 406 (base 11) in base 12?
34a
-7170 (base 15) to base 9
-35766
What is -655 (base 8) in base 5?
-3204
-848 (base 9) to base 14
-376
What is -2 (base 13) in base 6?
-2
-5135 (base 8) to base 3
-10122021
1414 (base 7) to base 6
2314
Convert -403 (base 8) to base 14.
-147
What is -462 (base 10) in base 12?
-326
What is -13e3 (base 15) in base 9?
-5756
-144 (base 14) to base 13
-169
Convert 316 (base 12) to base 9.
550
What is 1319 (base 11) in base 2?
11010110010
291 (base 10) to base 2
100100011
-81d (base 16) to base 2
-100000011101
Convert -130320 (base 4) to base 3.
-2112110
-2c99 (base 15) to base 16
-257a
-2511b (base 13) to base 14
-1ac68
What is -4825 (base 9) in base 8?
-7003
What is 426e (base 16) in base 7?
100403
What is 306 (base 11) in base 6?
1413
20131 (base 5) to base 3
1202211
Convert 827 (base 11) to base 10.
997
Convert -1542 (base 8) to base 12.
-602
Convert 11305 (base 8) to base 10.
4805
-668 (base 10) to base 14
-35a
17dd (base 15) to base 16
1426
-372 (base 11) to base 6
-2014
What is a06 (base 12) in base 8?
2646
Convert 13334 (base 7) to base 14.
1454
What is b3f (base 16) in base 4?
230333
Convert 10111101100101 (base 2) to base 11.
9130
What is -2423 (base 5) in base 9?
-443
What is 1000001000110 (base 2) in base 15?
137b
What is -843 (base 10) in base 8?
-1513
11212001 (base 3) to base 4
313102
What is -130b7 (base 12) in base 16?
-65cb
Convert 14332 (base 12) to base 9.
42512
-2261 (base 7) to base 14
-431
What is 7015 (base 10) in base 15?
212a
What is 31322 (base 5) in base 9?
2768
Convert 551 (base 12) to base 3.
1001221
Convert -4b69 (base 12) to base 7.
-34002
Convert -5700 (base 10) to base 14.
-2112
Convert a3 (base 14) to base 11.
120
Convert -1762 (base 8) to base 12.
-702
57313 (base 8) to base 12
12063
11142 (base 5) to base 9
1075
Convert 358 (base 9) to base 12.
208
Convert -6726 (base 10) to base 9.
-10203
-961 (base 10) to base 9
-1277
What is a40 (base 16) in base 9?
3535
-5503 (base 7) to base 13
-b80
Convert 102114 (base 5) to base 3.
11200021
What is 7b7 (base 15) in base 13?
a45
What is -30140 (base 7) in base 8?
-16160
Convert -1125 (base 6) to base 3.
-100222
Convert -53164 (base 7) to base 15.
-3d54
124063 (base 8) to base 14
11999
What is -47e (base 16) in base 4?
-101332
295 (base 16) to base 10
661
Convert -3360 (base 7) to base 10.
-1218
What is a83 (base 13) in base 14?
925
257 (base 11) to base 5
2204
What is 14 (base 6) in base 3?
101
aa72 (base 14) to base 9
44417
Convert 110101101 (base 2) to base 7.
1152
What is -648 (base 12) in base 15?
-415
Convert a14d (base 14) to base 12.
14049
Convert -4661 (base 10) to base 9.
-6348
What is 4443 (base 7) in base 15?
719
What is 11010222 (base 4) in base 15?
6253
2364 (base 10) to base 14
c0c
Convert -b957 (base 12) to base 3.
-1000221111
What is 745 (base 13) in base 12?
874
Convert 280 (base 16) to base 11.
532
Convert 2323111 (base 4) to base 7.
46645
What is -2111110 (base 3) in base 13?
-aa1
-188 (base 10) to base 8
-274
What is -10222203 (base 4) in base 6?
-224243
1000001111 (base 2) to base 6
2235
Convert -100001010111 (base 2) to base 6.
-13515
Convert 10312 (base 4) to base 16.
136
What is 2016 (base 7) in base 14?
37d
-1244 (base 8) to base 3
-221001
3a (base 15) to base 3
2001
1ba7 (base 12) to base 5
102224
Convert -8c7 (base 13) to base 11.
-1158
24632 (base 7) to base 6
50015
Convert -1011112 (base 3) to base 9.
-1145
Convert -120010 (base 3) to base 9.
-503
270 (base 11) to base 15
164
-11020 (base 4) to base 3
-110011
-98 (base 12) to base 6
-312
-5f6 (base 16) to base 15
-6bb
149 (base 16) to base 2
101001001
What is 1001010110111 (base 2) in base 15?
1646
Convert -1000011100011110 (base 2) to base 4.
-20130132
112336 (base 8) to base 5
2204420
What is 356202 (base 7) in base 9?
107530
2243201 (base 5) to base 12
1b48a
Convert 201133 (base 4) to base 13.
c8b
Convert 40214 (base 5) to base 10.
2559
What is 4151 (base 6) in base 3?
1021111
What is 39697 (base 10) in base 3?
2000110021
Convert -330a (base 11) to base 8.
-10416
Convert -10010 (base 4) to base 15.
-125
Convert -2a3 (base 13) to base 3.
-122110
21022 (base 4) to base 8
1112
Convert -6b2 (base 12) to base 11.
-828
What is 20121 (base 4) in base 9?
656
Convert -20320 (base 4) to base